are the prime factors of 11744?
2, 367
What are the prime factors of 1761?
3, 587
What are the prime factors of 183?
3, 61
What are the prime factors of 13525?
5, 541
What are the prime factors of 65017?
79, 823
List the prime factors of 30030.
2, 3, 5, 7, 11, 13
List the prime factors of 20612.
2, 5153
What are the prime factors of 474?
2, 3, 79
List the prime factors of 1244.
2, 311
What are the prime factors of 9933?
3, 7, 11, 43
What are the prime factors of 4328?
2, 541
List the prime factors of 10859.
10859
List the prime factors of 2668.
2, 23, 29
List the prime factors of 4153.
4153
List the prime factors of 46225.
5, 43
List the prime factors of 92700.
2, 3, 5, 103
List the prime factors of 88.
2, 11
List the prime factors of 1272.
2, 3, 53
What are the prime factors of 1118?
2, 13, 43
List the prime factors of 13165.
5, 2633
List the prime factors of 5208.
2, 3, 7, 31
What are the prime factors of 1490?
2, 5, 149
What are the prime factors of 5582?
2, 2791
What are the prime factors of 22493?
83, 271
List the prime factors of 1705.
5, 11, 31
List the prime factors of 1316.
2, 7, 47
What are the prime factors of 896?
2, 7
List the prime factors of 331.
331
List the prime factors of 15163.
59, 257
What are the prime factors of 19950?
2, 3, 5, 7, 19
What are the prime factors of 28336?
2, 7, 11, 23
What are the prime factors of 2162?
2, 23, 47
List the prime factors of 381.
3, 127
List the prime factors of 540.
2, 3, 5
What are the prime factors of 1312?
2, 41
List the prime factors of 40924.
2, 13, 787
What are the prime factors of 64378?
2, 32189
List the prime factors of 396.
2, 3, 11
List the prime factors of 505.
5, 101
What are the prime factors of 518?
2, 7, 37
What are the prime factors of 59?
59
What are the prime factors of 3713?
47, 79
What are the prime factors of 56674?
2, 43, 659
What are the prime factors of 7422?
2, 3, 1237
What are the prime factors of 39858?
2, 3, 7, 13, 73
What are the prime factors of 3889?
3889
What are the prime factors of 3798?
2, 3, 211
List the prime factors of 1281.
3, 7, 61
What are the prime factors of 46516?
2, 29, 401
What are the prime factors of 25054?
2, 12527
List the prime factors of 1071.
3, 7, 17
What are the prime factors of 14661?
3, 181
What are the prime factors of 11016?
2, 3, 17
What are the prime factors of 16136?
2, 2017
What are the prime factors of 90995?
5, 18199
List the prime factors of 4054.
2, 2027
What are the prime factors of 12589?
12589
What are the prime factors of 3680?
2, 5, 23
What are the prime factors of 850?
2, 5, 17
What are the prime factors of 666?
2, 3, 37
What are the prime factors of 6010?
2, 5, 601
What are the prime factors of 5249?
29, 181
List the prime factors of 251.
251
List the prime factors of 10620.
2, 3, 5, 59
What are the prime factors of 26163?
3, 17, 19
List the prime factors of 235.
5, 47
List the prime factors of 35.
5, 7
What are the prime factors of 185?
5, 37
List the prime factors of 110.
2, 5, 11
What are the prime factors of 36066?
2, 3, 6011
What are the prime factors of 20776?
2, 7, 53
What are the prime factors of 834?
2, 3, 139
List the prime factors of 2060.
2, 5, 103
List the prime factors of 1075.
5, 43
What are the prime factors of 1204?
2, 7, 43
What are the prime factors of 1683?
3, 11, 17
List the prime factors of 14020.
2, 5, 701
List the prime factors of 9288.
2, 3, 43
What are the prime factors of 33966?
2, 3, 17, 37
List the prime factors of 1304.
2, 163
What are the prime factors of 6379?
6379
List the prime factors of 35662.
2, 11, 1621
List the prime factors of 63213.
3, 19, 1109
What are the prime factors of 836?
2, 11, 19
List the prime factors of 4818.
2, 3, 11, 73
List the prime factors of 62045.
5, 12409
List the prime factors of 14931.
3, 7, 79
List the prime factors of 26372.
2, 19, 347
What are the prime factors of 6305?
5, 13, 97
What are the prime factors of 42165?
3, 5, 937
List the prime factors of 42921.
3, 19, 251
What are the prime factors of 38201?
38201
List the prime factors of 14618.
2, 7309
List the prime factors of 48084.
2, 3, 4007
What are the prime factors of 2775?
3, 5, 37
List the prime factors of 1020.
2, 3, 5, 17
List the prime factors of 3288.
2, 3, 137
What are the prime factors of 19382?
2, 11, 881
What are the prime factors of 397?
397
What are the prime factors of 15056?
2, 941
List the prime factors of 957.
3, 11, 29
What are the prime factors of 645?
3, 5, 43
What are the prime factors of 10854?
2, 3, 67
List the prime factors of 691.
691
What are the prime factors of 8279?
17, 487
List the prime factors of 18207.
3, 7, 17
List the prime factors of 10334.
2, 5167
List the prime factors of 52617.
3, 17539
What are the prime factors of 8689?
8689
List the prime factors of 26135.
5, 5227
What are the prime factors of 689?
13, 53
What are the prime factors of 1931?
1931
What are the prime factors of 7127?
7127
List the prime factors of 649.
11, 59
What are the prime factors of 30941?
30941
List the prime factors of 5533.
11, 503
List the prime factors of 5687.
11, 47
List the prime factors of 18919.
18919
What are the prime factors of 1127?
7, 23
What are the prime factors of 28458?
2, 3, 17, 31
List the prime factors of 4825.
5, 193
List the prime factors of 780.
2, 3, 5, 13
List the prime factors of 16836.
2, 3, 23, 61
What are the prime factors of 2421?
3, 269
What are the prime factors of 11942?
2, 7, 853
List the prime factors of 9830.
2, 5, 983
What are the prime factors of 92684?
2, 17, 29, 47
List the prime factors of 2955.
3, 5, 197
What are the prime factors of 2048?
2
List the prime factors of 131991.
3, 43997
List the prime factors of 482.
2, 241
What are the prime factors of 1160?
2, 5, 29
What are the prime factors of 39933?
3, 17, 29
List the prime factors of 11074.
2, 7, 113
List the prime factors of 54951.
3, 13, 1409
What are the prime factors of 12756?
2, 3, 1063
What are the prime factors of 92659?
7, 31, 61
List the prime factors of 26746.
2, 43, 311
List the prime factors of 3180.
2, 3, 5, 53
List the prime factors of 12311.
13, 947
List the prime factors of 373.
373
List the prime factors of 90.
2, 3, 5
List the prime factors of 24.
2, 3
What are the prime factors of 903?
3, 7, 43
List the prime factors of 13284.
2, 3, 41
List the prime factors of 3729.
3, 11, 113
List the prime factors of 1096.
2, 137
What are the prime factors of 20598?
2, 3, 3433
List the prime factors of 6842.
2, 11, 311
List the prime factors of 770.
2, 5, 7, 11
List the prime factors of 890.
2, 5, 89
What are the prime factors of 14468?
2, 3617
What are the prime factors of 231?
3, 7, 11
List the prime factors of 305.
5, 61
What are the prime factors of 6799?
13, 523
List the prime factors of 37692.
2, 3, 349
List the prime factors of 47653.
47653
What are the prime factors of 7078?
2, 3539
What are the prime factors of 1537?
29, 53
List the prime factors of 958.
2, 479
What are the prime factors of 65220?
2, 3, 5, 1087
List the prime factors of 3003.
3, 7, 11, 13
List the prime factors of 62329.
157, 397
List the prime factors of 1629.
3, 181
List the prime factors of 90746.
2, 17, 157
What are the prime factors of 10403?
101, 103
What are the prime factors of 703?
19, 37
List the prime factors of 6780.
2, 3, 5, 113
List the prime factors of 35189.
7, 11, 457
What are the prime factors of 8667?
3, 107
What are the prime factors of 6534?
2, 3, 11
What are the prime factors of 81960?
2, 3, 5, 683
List the prime factors of 925.
5, 37
List the prime factors of 152640.
2, 3, 5, 53
List the prime factors of 7468.
2, 1867
What are the prime factors of 1810?
2, 5, 181
List the prime factors of 16674.
2, 3, 7, 397
What are the prime factors of 183760?
2, 5, 2297
What are the prime factors of 44271?
3, 4919
What are the prime factors of 274?
2, 137
What are the prime factors of 112000?
2, 5, 7
What are the prime factors of 307?
307
List the prime factors of 6742.
2, 3371
What are the prime factors of 230?
2, 5, 23
List the prime factors of 18475.
5, 739
List the prime factors of 18385.
5, 3677
List the prime factors of 1076.
2, 269
What are the prime factors of 2314?
2, 13, 89
List the prime factors of 18706.
2, 47, 199
List the prime factors of 4733.
4733
List the prime factors of 93.
3, 31